6 - -5. Let z be x(t). Let l(a) = a**2 + 3*a. Give l(z).
0
Let l(f) = -6 + f**2 + 3 + 3 - 4 + f**3 - f. Let a = 2 + -2. Suppose a*k = -2*k. Determine l(k).
-4
Let l(w) = 4*w**3 - 2*w**2 + 7*w + 4. Let p(h) = -7*h**3 + 5*h**2 - 13*h - 7. Let x(f) = 5*l(f) + 3*p(f). Calculate x(3).
5
Let r(z) = 4*z - 2*z - 18 - 16 + 27. Give r(7).
7
Let n(k) = 15*k + 17. Let w(h) = 7*h + 8. Suppose -5*d = 5*q + 70, -q = -0 + 1. Let i(y) = d*w(y) + 6*n(y). Give i(6).
-8
Suppose -7*y + 2*y = 3*h - 40, -10 = 2*h. Suppose 5*m = 14 + y. Let q(i) = -i**3 + 4*i**2 + 5*i + 7. Give q(m).
7
Let p(n) = 57*n**2 + n - 64*n**2 + 1 + 0*n. Determine p(-1).
-7
Suppose -13*k = -12*k + 10. Let h(j) = -j**3 - 9*j**2 + 9*j - 5. What is h(k)?
5
Let u(t) be the first derivative of t**3/3 + 5*t**2 + 9*t + 26. Determine u(-7).
-12
Let l be (-4)/(-8) + 10/(-4). Let m(y) = 2*y. Calculate m(l).
-4
Let i(c) = -3 + c + 3*c + 10 + 1. Give i(-6).
-16
Suppose -z - z + 2 = 0, 2*z - 4 = -2*b. Let i(v) = -4*v**2 - 2*v + 1. What is i(b)?
-5
Let b(d) be the third derivative of d**5/60 + 5*d**4/24 + 2*d**3/3 + 3*d**2 - 3. Give b(-5).
4
Let z(c) = 4*c**2 + 1. Let i be z(1). Let f = -6 + i. Let l(n) = 3*n - n - 1 - 5*n**3 - 4*n. Calculate l(f).
6
Let q = 5 + -3. Let z(p) = 6*p**2 + 3 - p + 0*p - q + 0. Suppose 3*t - 5*x = -0*t + 8, -2*t + 7 = -5*x. Determine z(t).
6
Let u(q) be the second derivative of q**5/15 + q**3/6 + 5*q**2/2 + 3*q. Let z(x) be the first derivative of u(x). Calculate z(1).
5
Let i(d) be the second derivative of d**4/4 - d**2/2 + d. Let b be i(1). Let n(o) = -2*o - 2. Give n(b).
-6
Let g(z) = z**3 - 9*z**2 - 4*z - 12. Let f(d) = d**2 - d + 1. Let l(y) = -3*f(y) - g(y). Calculate l(7).
9
Let f(b) = 5*b + 1. Suppose 2*w + 75 = 7*w + 3*g, 2*w = -4*g + 30. Suppose 2*i - w - 25 = 0. Suppose 2*c + 3*n = 13, -i = -5*c - 9*n + 4*n. Calculate f(c).
-4
Let i(v) = -v**2 + 19. Suppose 2*w = 4*y - 6, y - 5*y - 2*w = 6. Calculate i(y).
19
Let d(i) = i**2 - 5*i - 7. Suppose -36 = -8*n + 2*n. Determine d(n).
-1
Let w(l) = l**2 + 5*l - 10. Let g be w(-7). Let i(d) = 4*d**2 - 6 - 5*d**2 - 2*d + g. Let b be i(-2). Let j(z) = -z**2 - 3*z - 2. Determine j(b).
0
Let z(j) = -4*j + 3. Let m(l) = -2*l + 2. Let p(r) = -7*m(r) + 4*z(r). Calculate p(-3).
4
Let w(m) be the second derivative of m**3/6 + 5*m**2/2 - m. Suppose 2*a - 5 = -5*r, -r + 1 = -5*a - 0*a. Suppose 4*g = -u - r, -3*g + 0*u = -u - 1. Give w(g).
5
Let q(z) = -z**3 + 3*z + 2. Suppose k = 0, 2*w + 3*w = 3*k - 10. What is q(w)?
4
Suppose -16 = -c + n, 8 = -5*n + n. Let m(v) = 4 - 5 - v**2 - 16*v + c*v. What is m(-1)?
0
Let j(a) = -a + 1. Suppose 5*u + 10 = -2*q - 6, 0 = 2*q - 4*u - 20. What is j(q)?
-1
Let q(z) be the first derivative of -z**2/2 + 5*z - 8. Determine q(-5).
10
Let j(n) be the third derivative of -n**5/60 - 5*n**4/24 - 11*n**2. What is j(-4)?
4
Let m(u) = -u**2 + 8*u + 2. Suppose 12*n - 9*n - 18 = 0. Give m(n).
14
Let n(z) = -13*z. Suppose 5*o = -2*t - 23, -t - 8 = 3*o + 6. Calculate n(t).
-13
Let b(x) = -4 - 47*x - 4 + 97*x - 45*x + x**2. Calculate b(-6).
-2
Let p(l) = -10*l**2 + 2*l - 1. Suppose -5*i + 3 = -2. Let k be 1/(i/1) - 0. Let m = 2 - k. Calculate p(m).
-9
Let n(b) = b + 10. Let q be n(-7). Let v(c) = 3*c + 3*c**3 + 5 - 2*c**q - 7*c**2 + 11*c**2. Let f = 5 + -9. Determine v(f).
-7
Let c(d) = -3*d + 1. Let h(b) = -3*b + 1. Suppose 3*l + 1 = -8. Let v be h(l). Suppose -4*q = -5*n + v, 5*q + 21 = -4. What is c(n)?
7
Let v(k) = -2*k + 8. Let o = -8 + 15. What is v(o)?
-6
Let g(q) = q - 5. Let z(t) = 2*t - 4. Let f(j) = 5*g(j) - 6*z(j). Suppose d = 6*d - 5. What is f(d)?
-8
Let v(f) = 6 + 5*f**2 + 3*f**3 - 3*f**3 + f**3 - 5*f - 2*f**3. Give v(4).
2
Let y(n) = 2*n - 6. Suppose -3*l + 17 = 5*d, -l - 1 = -3*d + 12. Give y(d).
2
Let h(z) = 2*z**2 - 2. Let d(k) = -k**2 + 3*k + 2. Let g be d(2). Suppose g*r + 9 = 1. Determine h(r).
6
Let s(f) = 2*f - 5. Suppose -12 = -5*n + 8. Determine s(n).
3
Let t be (14/(-5))/((-2)/(-10)). Let f be t/4 - 7/(-14). Let b = f - -8. Let z(r) = r**3 - 6*r**2 + 5*r. Give z(b).
0
Let h(w) = w + 12. Let o be h(-7). Let l(x) = x - 1. Give l(o).
4
Suppose 3*s - 5*s + 6 = 0. Suppose s*n + 4 = g - 3, 4 = -3*n - 2*g. Let t(y) = y**2 - y + 2. Determine t(n).
8
Let k = -9 + 2. Let y(x) = x**3 + 6*x**2 - 8*x - 8. Give y(k).
-1
Let l be (24/(-18))/(4/6). Let x(t) = -2*t**3 - 3*t**2 - t. Calculate x(l).
6
Let x(p) = -p - 2. Let k be x(-2). Let b be 2 + k + 2 + -1. Let j(r) = -2*r - 2. Let c(l) = 5*l + 5. Let g(q) = -3*c(q) - 7*j(q). What is g(b)?
-4
Let w(x) = 20*x - 19*x + 0 - 3*x**2 + 0. Determine w(2).
-10
Let j(o) = o**2 + 2*o - 3. Suppose 2*l = -3*y + y + 6, 0 = l - 2*y - 9. Suppose -l = -v - 8. Calculate j(v).
0
Let q(w) = 0*w**2 + 2 - 6*w - 10 + w**2 + 0*w**2. Suppose 3*s + s = 24. Give q(s).
-8
Suppose 9*b = 8*b + 5. Let z(t) = -t**3 + 6*t**2 - 6*t + 4. What is z(b)?
-1
Suppose 0*u + 3*u - 15 = 0. Let c(p) = -3*p - u + 1 + 2*p + 3. Give c(2).
-3
Let m be 21/6 + (-2)/4. Let t(x) = -11*x - 5*x**2 + m + 0*x**2 + 4*x**2. Let r be t(-11). Let g(j) = j**2 - 3*j. What is g(r)?
0
Suppose 0*j - 4*j + 16 = 0. Let u(h) = -h**2 - 5 - 2*h**2 + 4*h**2 - h. Give u(j).
7
Let x(k) = -8*k**3 - 13*k**2 + 9*k. Let o(n) = 4*n**3 + 7*n**2 - 5*n. Let f(s) = 11*o(s) + 6*x(s). Let g = -10 + 9. What is f(g)?
4
Suppose 0 = s - 5*t + 17, 24 = 6*s - 2*s + 3*t. Let k(m) = -2*m**2 - 3*m**s + 4*m**3 - m**2 - m**2 + 3*m. Let v = 3 + 0. Determine k(v).
0
Suppose 5*w = 2*l + 28, 2*l + 6*w = 4*w. Let b(m) = -m**2 - 4*m + 3. Give b(l).
3
Let t(w) = -24*w - 6 + 0 + 23*w. Determine t(-8).
2
Let l(b) be the first derivative of -1/8*b**4 - 2 + 2*b**2 + 0*b**3 + 0*b. Let c(t) be the second derivative of l(t). What is c(4)?
-12
Let q(j) = 51 - 2*j**2 + 3*j**2 - 58 - 7*j. Let i(v) = -v**3 - 4*v**2 - 2*v - 1. Let h be i(-4). Calculate q(h).
-7
Let n(h) = -h**3 - 2*h**2 + h + 1. Let p(u) = u**3 - 8*u**2 - u + 6. Let k be p(8). What is n(k)?
-1
Let o(k) = -k**2 + k + 5. Let w be ((-16)/(-10))/((-2)/10). Let q = 0 + w. Let s be q*(15/(-6))/5. Give o(s).
-7
Let b(a) be the first derivative of -5*a**4/2 + 2*a**3/3 + a**2 + a + 1. What is b(-1)?
11
Let d(j) = -j**3 - 5*j**2 - 7*j - 5. Let m be -3*(2/6 + 0). Let c = m - -6. Suppose 7 + c = -3*u. Give d(u).
7
Let x(k) = 2*k - 7. Let w be x(5). Let s(a) = -a + 6. Let b be s(4). Let f(l) = -2 - 1 + 2*l + 2*l**3 + 3*l**b - 3*l**3. Determine f(w).
3
Let w(z) = -2*z - 2 + z + 0*z + 2*z. Let j(v) = v**3 + 5*v**2 + 2*v - 4. Let d be j(-4). Calculate w(d).
2
Let y(n) be the third derivative of -n**4/6 - n**3/3 + 4*n**2. Determine y(-3).
10
Let q(p) = p**2 + 9*p + 9. Let i(x) = -x**3 - 7*x**2 - 7*x - 13. Let j be i(-6). Determine q(j).
-5
Suppose 2*f = 3*s + 4, 0*f - 3*f + 7 = -4*s. Let b(h) be the third derivative of 1/60*h**6 + 0*h + 0 - 2*h**2 - 1/60*h**f - 1/12*h**4 + 1/2*h**3. Give b(2).
11
Let r(k) = -5*k - 3 - k**2 + 4*k + 3 + 3. Give r(0).
3
Let h(b) = 53 + b**2 + 3*b - 30 - 27. Give h(-7).
24
Let g(u) = u**3 - 4*u**2 - 3*u - 4. Let d be (-2 - -4)*5/2. Calculate g(d).
6
Let c(f) be the second derivative of -f**3/6 + 2*f**2 - 8*f. Suppose -5*h = 10 - 30. Suppose -3*b - 3*s - 5 = -h*s, -3*b = -4*s - 7. What is c(b)?
7
Let f(z) = -z**3 - 3*z**2 + z. Suppose 3*i = -3*v, 0 = -4*i + 3*v - 4*v + 15. Let k = -1 + 3. Let q = k - i. Give f(q).
-3
Let i = -24 + 22. Let x be (2 - 1)/(i/4). Let o(m) = 3*m - 1. Give o(x).
-7
Let y = 11 - 7. Suppose -c + 15 = y*c. Let o(r) = r**2 - 6*r**2 + 6 - r**3 + 2*r - c*r. Give o(-5).
11
Let n(u) = -27 + u + u**2 + 26 + 4*u**3 - u**3. Let t be n(1). Let b(j) = -j**2 + 6*j - 5. Give b(t).
3
Let f = 10 - 8. Suppose i + 1 = -j - 2, -f*j + 2*i + 10 = 0. Let m(a) = a - a**2 + j - 6*a - 5. Give m(-3).
2
Let d be 0 + 11 + (0 - 0). Let z = 16 - d. Let r(l) = l**3 - 4*l**2 - 5*l + 5. What is r(z)?
5
Suppose -22 = 4*w - 6. Let v be 21/12 + (-6)/8. Let i(y) = -y**2 - y + 1. Let b(f) = 4*f**2 - f - 8. Let g(z) = v*b(z) + 5*i(z). What is g(w)?
5
Suppose 2 + 10 = -4*n. Let l(f) be the second derivative of 1/2*f**2 - 1/6*f**3 + 0 + f. Calculate l(n).
4
Suppose 4*m - 5 = -1. Let o(a) = -a**2 - 5*a - 6. Let u(z) = -z**2 - z - 1. Let i(q) = o(q) - 5*u(q). Give i(m).
3
Let y(p) = -2 + 16*p**2 + 9*p**2 - 5*p - 24*p**2 - 4. Determine y(5).
-6
Suppose -u - 2 = 3*u + 2*c, 4 = -5*u - 4*c. Let g = 1 + 